69413
What are the prime factors of 3976658?
2, 7, 479, 593
List the prime factors of 309653.
37, 8369
What are the prime factors of 1118351?
13, 86027
List the prime factors of 20053710.
2, 3, 5, 17, 257
List the prime factors of 1443451.
211, 6841
List the prime factors of 8968519.
7, 103, 1777
List the prime factors of 3301267.
3301267
List the prime factors of 58059.
3, 6451
List the prime factors of 7056325.
5, 282253
List the prime factors of 175797.
3, 17, 383
List the prime factors of 12566155.
5, 7, 47, 7639
List the prime factors of 980984.
2, 47, 2609
What are the prime factors of 1327964?
2, 11, 30181
List the prime factors of 203187.
3, 89, 761
What are the prime factors of 867560?
2, 5, 23, 41
What are the prime factors of 2244915?
3, 5, 23, 241
What are the prime factors of 563192?
2, 7, 89, 113
What are the prime factors of 4204099?
41, 102539
List the prime factors of 368774.
2, 7, 53, 71
List the prime factors of 610691.
17, 35923
What are the prime factors of 44504287?
23, 1934969
List the prime factors of 1899635.
5, 379927
What are the prime factors of 253742?
2, 17, 439
What are the prime factors of 579038?
2, 43, 6733
List the prime factors of 209585.
5, 167, 251
What are the prime factors of 4477722?
2, 3, 746287
What are the prime factors of 1314822?
2, 3, 419, 523
What are the prime factors of 16206732?
2, 3, 191, 2357
What are the prime factors of 1206096?
2, 3, 25127
List the prime factors of 155761.
109, 1429
List the prime factors of 1126083.
3, 7, 53623
List the prime factors of 714107.
714107
List the prime factors of 14583935.
5, 2916787
List the prime factors of 907564.
2, 7, 32413
What are the prime factors of 1661798?
2, 830899
What are the prime factors of 232730?
2, 5, 17, 37
What are the prime factors of 2327630?
2, 5, 137, 1699
List the prime factors of 411401.
23, 31, 577
List the prime factors of 13446148.
2, 19, 176923
List the prime factors of 997169.
17, 58657
List the prime factors of 330603.
3, 7, 13, 173
What are the prime factors of 794014?
2, 13, 30539
List the prime factors of 338812.
2, 71, 1193
List the prime factors of 434718.
2, 3, 24151
What are the prime factors of 621343?
621343
List the prime factors of 130841.
130841
What are the prime factors of 8733907?
7, 13, 13711
List the prime factors of 1169552.
2, 67, 1091
What are the prime factors of 10563047?
11, 29, 33113
List the prime factors of 704711.
7, 100673
What are the prime factors of 1144705?
5, 179, 1279
What are the prime factors of 376940?
2, 5, 47, 401
What are the prime factors of 14852940?
2, 3, 5, 23, 47, 229
What are the prime factors of 311701?
13, 23977
What are the prime factors of 96774?
2, 3, 127
List the prime factors of 103723.
103723
What are the prime factors of 1292356?
2, 13, 29, 857
List the prime factors of 5002.
2, 41, 61
List the prime factors of 769064.
2, 251, 383
What are the prime factors of 1130507?
7, 29, 5569
List the prime factors of 284138.
2, 17, 61, 137
What are the prime factors of 5671332?
2, 3, 263, 599
What are the prime factors of 22943067?
3, 7, 41, 26647
What are the prime factors of 130066?
2, 65033
List the prime factors of 228288.
2, 3, 29, 41
What are the prime factors of 6808443?
3, 2269481
What are the prime factors of 204192?
2, 3, 709
List the prime factors of 231145.
5, 46229
What are the prime factors of 2710794?
2, 3, 451799
List the prime factors of 3605243.
37, 139, 701
What are the prime factors of 102130?
2, 5, 7, 1459
List the prime factors of 13819593.
3, 19, 242449
List the prime factors of 3197710.
2, 5, 131, 2441
List the prime factors of 5848874.
2, 2924437
List the prime factors of 1437248.
2, 17, 1321
What are the prime factors of 1182827?
313, 3779
What are the prime factors of 348572?
2, 7, 59, 211
What are the prime factors of 10463768?
2, 7, 59, 3167
What are the prime factors of 2355415?
5, 431, 1093
What are the prime factors of 395154?
2, 3, 29, 757
What are the prime factors of 36674909?
36674909
List the prime factors of 3560417.
7, 29, 17539
What are the prime factors of 147203?
7, 17, 1237
List the prime factors of 174563.
227, 769
What are the prime factors of 50597?
19, 2663
What are the prime factors of 26182886?
2, 13091443
What are the prime factors of 25652332?
2, 6413083
What are the prime factors of 79880?
2, 5, 1997
What are the prime factors of 1273022?
2, 37, 17203
List the prime factors of 26290034.
2, 19, 691843
List the prime factors of 68444.
2, 71, 241
What are the prime factors of 125458?
2, 149, 421
List the prime factors of 270339.
3, 97, 929
What are the prime factors of 199162?
2, 99581
List the prime factors of 329093.
191, 1723
What are the prime factors of 57875?
5, 463
List the prime factors of 2215005.
3, 5, 13, 37, 307
List the prime factors of 363814.
2, 11, 23, 719
List the prime factors of 1878436.
2, 7, 73, 919
What are the prime factors of 204121?
43, 47, 101
List the prime factors of 59557.
59557
List the prime factors of 227565.
3, 5, 13, 389
What are the prime factors of 438176?
2, 13693
List the prime factors of 5159561.
11, 42641
List the prime factors of 214953.
3, 137, 523
What are the prime factors of 7461353?
7461353
What are the prime factors of 531528?
2, 3, 22147
What are the prime factors of 365657?
73, 5009
What are the prime factors of 132498?
2, 3, 17, 433
List the prime factors of 403404.
2, 3, 33617
What are the prime factors of 3017188?
2, 754297
List the prime factors of 360619.
7, 51517
List the prime factors of 746374.
2, 373187
List the prime factors of 4372226.
2, 2186113
List the prime factors of 163274.
2, 81637
What are the prime factors of 13244?
2, 7, 11, 43
What are the prime factors of 639502?
2, 19, 16829
List the prime factors of 26347.
26347
What are the prime factors of 2789567?
11, 367, 691
List the prime factors of 2821106.
2, 1410553
List the prime factors of 1362681.
3, 23, 29, 227
List the prime factors of 63311.
63311
List the prime factors of 268488.
2, 3, 11, 113
List the prime factors of 715868.
2, 191, 937
What are the prime factors of 201128?
2, 31, 811
What are the prime factors of 1085936?
2, 67, 1013
What are the prime factors of 8138311?
139, 58549
List the prime factors of 408198.
2, 3, 7, 9719
What are the prime factors of 3853017?
3, 7, 8737
List the prime factors of 965549.
13, 17, 257
What are the prime factors of 1870293?
3, 623431
What are the prime factors of 135515?
5, 27103
What are the prime factors of 1778582?
2, 13, 67, 1021
List the prime factors of 100496.
2, 11, 571
List the prime factors of 19575899.
7, 29, 73, 1321
List the prime factors of 8441039.
41, 205879
List the prime factors of 2839905.
3, 5, 223, 283
List the prime factors of 2168694.
2, 3, 11, 1217
List the prime factors of 2931327.
3, 7, 17, 23
What are the prime factors of 1434643?
7, 311, 659
List the prime factors of 23067824.
2, 13, 19, 449
List the prime factors of 19132949.
11, 1739359
List the prime factors of 13972579.
13972579
List the prime factors of 156673.
11, 14243
List the prime factors of 37383869.
569, 65701
List the prime factors of 767663.
13, 59051
List the prime factors of 4241411.
4241411
What are the prime factors of 204845?
5, 53, 773
List the prime factors of 4013302.
2, 2006651
What are the prime factors of 187653?
3, 71, 881
What are the prime factors of 3220411?
3220411
What are the prime factors of 779756?
2, 17, 11467
List the prime factors of 320871.
3, 106957
List the prime factors of 68356.
2, 23, 743
What are the prime factors of 2080775?
5, 83231
What are the prime factors of 1039156?
2, 71, 3659
What are the prime factors of 7072686?
2, 3, 392927
What are the prime factors of 162370?
2, 5, 13, 1249
List the prime factors of 3092823.
3, 38183
What are the prime factors of 13800694?
2, 29, 277, 859
What are the prime factors of 369305?
5, 233, 317
List the prime factors of 1126200.
2, 3, 5, 1877
What are the prime factors of 16990509?
3, 5663503
List the prime factors of 194910.
2, 3, 5, 73, 89
What are the prime factors of 1191127?
7, 263, 647
List the prime factors of 467332.
2, 116833
List the prime factors of 149586.
2, 3, 107, 233
What are the prime factors of 183854?
2, 11, 61, 137
What are the prime factors of 273241?
17, 16073
List the prime factors 